{"id":6,"date":"2015-10-07T06:33:55","date_gmt":"2015-10-07T06:33:55","guid":{"rendered":"http:\/\/sambacarioca.com.br\/samba\/?page_id=6"},"modified":"2015-10-07T06:33:55","modified_gmt":"2015-10-07T06:33:55","slug":"historia-do-samba","status":"publish","type":"page","link":"https:\/\/sambacarioca.com.br\/samba\/historia-do-samba\/","title":{"rendered":"Hist\u00f3ria do Samba"},"content":{"rendered":"<h5><span style=\"color: #000000; font-size: 14pt;\">O Samba \u00e9 a principal forma de m\u00fasica de ra\u00edzes africanas surgida no Brasil. Leia aqui um resumo de sua hist\u00f3ria.<\/span><\/h5>\n<p><span style=\"color: #000000; font-size: 14pt;\"><span style=\"color: #808080;\"><strong>Hist\u00f3ria do Samba:<\/strong><\/span> O nome <em>samba<\/em> \u00e9, provavelmente, origin\u00e1rio do nome angolano <em>semba<\/em>, um ritmo religioso, cujo nome significa umbigada, devido \u00e0 forma como era dan\u00e7ado.<\/span><\/p>\n<h2><strong><span style=\"font-family: 'courier new', courier, monospace; color: #000000; font-size: 24pt;\">Hist\u00f3ria do Samba<\/span><\/strong><\/h2>\n<p><span style=\"color: #000000; font-size: 14pt;\">O primeiro registro da palavra &#8220;samba&#8221; aparece na Revista O Carapuceiro, de Pernambuco, em 3 de fevereiro de 1838, quando Frei Miguel do Sacramento Lopes Gama, escreve contra o que chamou de &#8220;samba d&#8217;almocreve&#8221;.<\/span><\/p>\n<p><span style=\"color: #000000; font-size: 14pt;\">Em meados do s\u00e9culo 19, a palavra samba definia diferentes tipos de m\u00fasica introduzidas pelos escravos africanos, desde o Maranh\u00e3o at\u00e9 S\u00e3o Paulo. O samba carioca provavelmente recebeu muita influ\u00eancia de ritmos da Bahia, com a transfer\u00eancia de grande quantidade de escravos para as planta\u00e7\u00f5es de caf\u00e9 no Estado do Rio, onde ganhou novos contornos, instrumentos e hist\u00f3rico pr\u00f3prio, de forma tal que, o samba moderno, como g\u00eanero musical, surgiu no in\u00edcio do s\u00e9culo 20 na cidade do Rio de Janeiro (a capital brasileira de ent\u00e3o). Muitos pesquisadores apontam para os ritmos do maxixe, do lundu e da modinha como fontes que, quando sintetizadas, deram origem a ao samba moderno.<\/span><\/p>\n<h3><span style=\"color: #000000;\">Hist\u00f3ria do Samba: &#8220;Nascia do samba um novo g\u00eanero musical&#8221;<\/span><\/h3>\n<p align=\"left\"><span class=\"verdana\" style=\"color: #000000;\">Uma composi\u00e7\u00e3o de 1899 de Chiquinha Gonzaga, intitulada \u00d3 Abre Alas, feita para o cord\u00e3o carnavalesco Rosa de Ouro foi primeira marcha. Nascia do samba um novo g\u00eanero musical (leia mais em: <span style=\"text-decoration: underline;\"><a href=\"https:\/\/sambacarioca.com.br\/samba\/historia-das-marchinhas-de-carnaval\/\">hist\u00f3ria das marchinhas de carnaval<\/a><\/span>).\u00a0<\/span><\/p>\n<figure id=\"attachment_164\" aria-describedby=\"caption-attachment-164\" style=\"width: 389px\" class=\"wp-caption alignleft\"><a style=\"color: #000000;\" href=\"https:\/\/sambacarioca.com.br\/samba\/wp-content\/uploads\/2015\/10\/10085714333_d8367dbe2a_o2.jpg\"><img loading=\"lazy\" decoding=\"async\" class=\"wp-image-164 size-full\" src=\"https:\/\/sambacarioca.com.br\/samba\/wp-content\/uploads\/2015\/10\/10085714333_d8367dbe2a_o2.jpg\" alt=\"Hist\u00f3ria do Samba: Lapa de antigamente\" width=\"389\" height=\"203\" srcset=\"https:\/\/sambacarioca.com.br\/samba\/wp-content\/uploads\/2015\/10\/10085714333_d8367dbe2a_o2.jpg 389w, https:\/\/sambacarioca.com.br\/samba\/wp-content\/uploads\/2015\/10\/10085714333_d8367dbe2a_o2-300x157.jpg 300w\" sizes=\"auto, (max-width: 389px) 100vw, 389px\" \/><\/a><figcaption id=\"caption-attachment-164\" class=\"wp-caption-text\"><strong><span style=\"color: #000000;\">Lapa de antigamente<\/span><\/strong><\/figcaption><\/figure>\n<p align=\"left\"><span style=\"color: #000000;\">O termo &#8220;escola de samba&#8221; \u00e9 origin\u00e1rio deste per\u00edodo de forma\u00e7\u00e3o do g\u00eanero. O termo foi adotado por grandes grupos de sambistas numa tentativa de ganhar aceita\u00e7\u00e3o para o samba e para a suas manifesta\u00e7\u00f5es art\u00edsticas; o morro era o terreno onde o samba nascia e a &#8220;escola&#8221; dava aos m\u00fasicos um senso de legitimidade e organiza\u00e7\u00e3o que permitia romper com as barreiras sociais.<\/span><\/p>\n<h5><span style=\"color: #000000;\">Hist\u00f3ria do Samba: (Donga chegou a anunciar &#8220;Pelo telefone&#8221; como &#8220;tango-samba&#8221;)<\/span><\/h5>\n<p align=\"left\"><span style=\"color: #000000;\">O samba amaxixado <em>Pelo telefone<\/em>, de dom\u00ednio p\u00fablico mas registrado por Donga e Mauro Almeida, \u00e9 considerado o primeiro samba gravado, embora Bahiano e Ernesto Nazar\u00e9 tenham gravado pela Casa \u00c9dison desde 1903. \u00c9 deles o samba &#8220;A viola est\u00e1 magoada&#8221;. <\/span><\/p>\n<figure id=\"attachment_714\" aria-describedby=\"caption-attachment-714\" style=\"width: 300px\" class=\"wp-caption alignright\"><a href=\"https:\/\/sambacarioca.com.br\/samba\/documentario-historia-do-samba-carioca\/\"><img loading=\"lazy\" decoding=\"async\" class=\"wp-image-714 size-medium\" src=\"https:\/\/sambacarioca.com.br\/samba\/wp-content\/uploads\/2015\/12\/Broches-11-300x188.jpg\" alt=\"Document\u00e1rio A Hist\u00f3ria do Samba Carioca\" width=\"300\" height=\"188\" srcset=\"https:\/\/sambacarioca.com.br\/samba\/wp-content\/uploads\/2015\/12\/Broches-11-300x188.jpg 300w, https:\/\/sambacarioca.com.br\/samba\/wp-content\/uploads\/2015\/12\/Broches-11.jpg 563w\" sizes=\"auto, (max-width: 300px) 100vw, 300px\" \/><\/a><figcaption id=\"caption-attachment-714\" class=\"wp-caption-text\"><strong><span style=\"font-size: 10pt; color: #000000;\">Document\u00e1rio A Hist\u00f3ria do Samba Carioca<\/span><\/strong><\/figcaption><\/figure>\n<p align=\"left\"><span style=\"color: #000000;\">H\u00e1 registros tamb\u00e9m do samba &#8220;Em casa de Baiana&#8221; (1913), de autoria de Alfredo Carlos Br\u00edcio. Por\u00e9m ambos n\u00e3o fizeram muito sucesso, e foi a composi\u00e7\u00e3o registrada por Donga que levou o g\u00eanero para al\u00e9m dos morros. Donga chegou a anunciar &#8220;Pelo telefone&#8221; como &#8220;tango-samba&#8221;, no Jornal do Brasil de 8 de janeiro de 1917.<\/span><\/p>\n<p align=\"left\"><span style=\"color: #000000;\">Nos anos trinta, um grupo de m\u00fasicos liderados por Ismael Silva fundou, na vizinhan\u00e7a do bairro de Est\u00e1cio de S\u00e1, a primeira escola de samba, Deixa Falar. Eles transformaram o g\u00eanero, dando-lhe os contornos atuais, inclusive coma introdu\u00e7\u00e3o de novos instrumentos, como o surdo e a cu\u00edca, para que melhor se adequasse ao desfile de carnaval.<br \/>\n<\/span><\/p>\n<p align=\"left\"><span style=\"color: #000000;\">Leia tamb\u00e9m:\u00a0\u2022\u00a0<strong><span style=\"text-decoration: underline;\"><a href=\"https:\/\/sambacarioca.com.br\/samba\/documentario-sobre-samba-de-terreiro\/\">Document\u00e1rio sobre samba de terreiro<\/a><\/span><\/strong><\/span><\/p>\n<h4><span style=\"color: #000000;\">Hist\u00f3ria do Samba: &#8220;Noel \u00e9 respons\u00e1vel pela uni\u00e3o do samba do morro com o do asfalto&#8221;<\/span><\/h4>\n<figure id=\"attachment_815\" aria-describedby=\"caption-attachment-815\" style=\"width: 300px\" class=\"wp-caption alignleft\"><a href=\"https:\/\/sambacarioca.com.br\/samba\/documentario-breve-historia-do-samba\/\" rel=\"attachment wp-att-815\"><img loading=\"lazy\" decoding=\"async\" class=\"wp-image-815 size-medium\" src=\"https:\/\/sambacarioca.com.br\/samba\/wp-content\/uploads\/2015\/12\/Donga-pixinguinha-Joao-da-Baiana-300x166.jpg\" alt=\"Document\u00e1rio Breve Hist\u00f3ria do Samba\" width=\"300\" height=\"166\" srcset=\"https:\/\/sambacarioca.com.br\/samba\/wp-content\/uploads\/2015\/12\/Donga-pixinguinha-Joao-da-Baiana-300x166.jpg 300w, https:\/\/sambacarioca.com.br\/samba\/wp-content\/uploads\/2015\/12\/Donga-pixinguinha-Joao-da-Baiana.jpg 660w\" sizes=\"auto, (max-width: 300px) 100vw, 300px\" \/><\/a><figcaption id=\"caption-attachment-815\" class=\"wp-caption-text\"><strong><span style=\"font-size: 10pt; color: #000000;\">Document\u00e1rio Breve Hist\u00f3ria do Samba<\/span><\/strong><\/figcaption><\/figure>\n<p align=\"left\"><span style=\"color: #000000;\">Nesta mesma \u00e9poca, um importante personagem tamb\u00e9m foi muito importante para a populariza\u00e7\u00e3o do samba: Noel Rosa. Noel \u00e9 respons\u00e1vel pela uni\u00e3o do samba do morro com o do asfalto. \u00c9 considerado o primeiro cronista da m\u00fasica popular brasileira. Nesta \u00e9poca, a r\u00e1dio difundiu a popularidade do samba por todo o pa\u00eds, e com o suporte do presidente Get\u00falio Vargas, o samba ganhou status de &#8220;m\u00fasica oficial&#8221; do Brasil.<\/span><\/p>\n<p><span style=\"color: #000000;\">Nos anos seguintes o samba se desenvolveu em v\u00e1rias dire\u00e7\u00f5es, do samba can\u00e7\u00e3o \u00e0s baterias de escolas de samba. Um dos novos estilos foi a bossa nova, criado por membros da classe m\u00e9dia, dentre eles Jo\u00e3o Gilberto e Antonio Carlos Jobim.<\/span><\/p>\n<p><span style=\"color: #000000;\">Nos anos sessenta os m\u00fasicos da bossa nova iniciaram um movimento de resgate dos grandes mestres do samba. Muitos artistas foram descobertos pelo grande p\u00fablico neste momento. Nomes como Cartola, <a style=\"color: #000000;\" href=\"https:\/\/sambacarioca.com.br\/samba\/nelson-cavaquinho\/\">Nelson Cavaquinho<\/a>, Z\u00e9 Keti e Clementina de Jesus gravaram os seus primeiros discos.<\/span><\/p>\n<figure id=\"attachment_162\" aria-describedby=\"caption-attachment-162\" style=\"width: 300px\" class=\"wp-caption alignright\"><a style=\"color: #000000;\" href=\"https:\/\/sambacarioca.com.br\/samba\/wp-content\/uploads\/2015\/10\/16524909282_a80edd322f_k1.jpg\"><img loading=\"lazy\" decoding=\"async\" class=\"size-medium wp-image-162\" src=\"https:\/\/sambacarioca.com.br\/samba\/wp-content\/uploads\/2015\/10\/16524909282_a80edd322f_k1-300x201.jpg\" alt=\"Hist\u00f3ria do Samba: Pixinguinha, Donga e Jo\u00e3o da Baiana\" width=\"300\" height=\"201\" srcset=\"https:\/\/sambacarioca.com.br\/samba\/wp-content\/uploads\/2015\/10\/16524909282_a80edd322f_k1-300x201.jpg 300w, https:\/\/sambacarioca.com.br\/samba\/wp-content\/uploads\/2015\/10\/16524909282_a80edd322f_k1-768x516.jpg 768w, https:\/\/sambacarioca.com.br\/samba\/wp-content\/uploads\/2015\/10\/16524909282_a80edd322f_k1.jpg 800w\" sizes=\"auto, (max-width: 300px) 100vw, 300px\" \/><\/a><figcaption id=\"caption-attachment-162\" class=\"wp-caption-text\"><span style=\"color: #000000;\"><strong>Hist\u00f3ria do Samba<\/strong>: Pixinguinha, Donga e Jo\u00e3o da Baiana<\/span><\/figcaption><\/figure>\n<p><span style=\"color: #000000;\">Nos anos setenta o samba era muito tocado nas r\u00e1dios. Compositores e cantores como Martinho da Vila, Bezerra da Silva, Clara Nunes e Beth Carvalho dominavam as paradas de sucesso.<\/span><\/p>\n<p><span style=\"color: #000000;\">No in\u00edcio da d\u00e9cada de 1980, depois de um per\u00edodo de esquecimento onde as r\u00e1dios eram dominadas pela m\u00fasica de discoteca e pelo rock brasileiro, o samba reapareceu no cen\u00e1rio brasileiro com um novo movimento chamado de pagode. Nascido nos sub\u00farbios cariocas, o pagode era um samba renovado, que utilizava novos instrumentos, como o banjo e o tant\u00e3, e uma linguagem mais popular. Os nomes mais famosos foram Zeca Pagodinho, Almir Guineto, Grupo Fundo de Quintal, Jorge Arag\u00e3o e Jovelina P\u00e9rola Negra.\u00a0 (leia mais em: <strong><a style=\"color: #000000;\" href=\"https:\/\/sambacarioca.com.br\/samba\/historia-do-pagode\/\">hist\u00f3ria do pagode<\/a><\/strong>).\u00a0<\/span><\/p>\n<p><span style=\"color: #000000;\">A partir do ano\u00a02000, o samba ganhou nova for\u00e7a e novamente caiu no gosto popular. Teresa Cristina e o Grupo Semente despontaram na Lapa e trouxeram com eles uma nova gera\u00e7\u00e3o de m\u00fasicos talentosos. N\u00e3o s\u00f3 o samba carioca estava\u00a0na moda. O carnaval do Rio de Janeiro\u00a0tamb\u00e9m vem conquistando\u00a0mutos admiradores e cada vez mais os foli\u00f5es se dirigiram ao Rio para brincar carnaval.<\/span><\/p>\n<p><span style=\"color: #000000;\">Atualmente o samba ainda \u00e9 um dos g\u00eaneros musicais mais populares no Brasil e sem d\u00favida \u00e9 o ritmo que melhor representa a imagem do Brasil e do carioca.<\/span><\/p>\n<p style=\"text-align: right;\"><span style=\"color: #808080; font-size: 10pt;\">fonte: <a style=\"color: #808080;\" href=\"http:\/\/www.wikipedia.org\" target=\"_blank\">Wikipedia.org<\/a><\/span><\/p>\n","protected":false},"excerpt":{"rendered":"<p>O Samba \u00e9 a principal forma de m\u00fasica de ra\u00edzes africanas surgida no Brasil. Leia aqui um resumo de sua hist\u00f3ria. Hist\u00f3ria do Samba: O nome samba \u00e9, provavelmente, origin\u00e1rio do nome angolano semba, um ritmo religioso, cujo nome significa umbigada, devido \u00e0 forma como era dan\u00e7ado. Hist\u00f3ria do Samba O primeiro registro da palavra [&hellip;]<\/p>\n","protected":false},"author":1,"featured_media":1288,"parent":0,"menu_order":0,"comment_status":"closed","ping_status":"closed","template":"","meta":{"footnotes":""},"class_list":["post-6","page","type-page","status-publish","has-post-thumbnail","hentry"],"yoast_head":"<!-- This site is optimized with the Yoast SEO plugin v27.4 - https:\/\/yoast.com\/product\/yoast-seo-wordpress\/ -->\n<title>Hist\u00f3ria do Samba: A uni\u00e3o do morro com o asfalto<\/title>\n<meta name=\"description\" content=\"Hist\u00f3ria do Samba. O Samba \u00e9 a principal forma de m\u00fasica de ra\u00edzes africanas surgida no Brasil. A hist\u00f3ria do samba est\u00e1 sendo escrita. Samba de raiz, choro\" \/>\n<meta name=\"robots\" content=\"index, follow, max-snippet:-1, max-image-preview:large, max-video-preview:-1\" \/>\n<link rel=\"canonical\" href=\"https:\/\/sambacarioca.com.br\/samba\/historia-do-samba\/\" \/>\n<meta property=\"og:locale\" content=\"pt_BR\" \/>\n<meta property=\"og:type\" content=\"article\" \/>\n<meta property=\"og:title\" content=\"Hist\u00f3ria do Samba: A uni\u00e3o do morro com o asfalto\" \/>\n<meta property=\"og:description\" content=\"Hist\u00f3ria do Samba. O Samba \u00e9 a principal forma de m\u00fasica de ra\u00edzes africanas surgida no Brasil. A hist\u00f3ria do samba est\u00e1 sendo escrita. Samba de raiz, choro\" \/>\n<meta property=\"og:url\" content=\"https:\/\/sambacarioca.com.br\/samba\/historia-do-samba\/\" \/>\n<meta property=\"og:site_name\" content=\"Samba Carioca\" \/>\n<meta property=\"og:image\" content=\"https:\/\/sambacarioca.com.br\/samba\/wp-content\/uploads\/2015\/10\/historia-do-samba.jpg\" \/>\n\t<meta property=\"og:image:width\" content=\"1076\" \/>\n\t<meta property=\"og:image:height\" content=\"392\" \/>\n\t<meta property=\"og:image:type\" content=\"image\/jpeg\" \/>\n<meta name=\"twitter:card\" content=\"summary_large_image\" \/>\n<meta name=\"twitter:label1\" content=\"Est. tempo de leitura\" \/>\n\t<meta name=\"twitter:data1\" content=\"5 minutos\" \/>\n<script type=\"application\/ld+json\" class=\"yoast-schema-graph\">{\"@context\":\"https:\\\/\\\/schema.org\",\"@graph\":[{\"@type\":\"WebPage\",\"@id\":\"https:\\\/\\\/sambacarioca.com.br\\\/samba\\\/historia-do-samba\\\/\",\"url\":\"https:\\\/\\\/sambacarioca.com.br\\\/samba\\\/historia-do-samba\\\/\",\"name\":\"Hist\u00f3ria do Samba: A uni\u00e3o do morro com o asfalto\",\"isPartOf\":{\"@id\":\"https:\\\/\\\/sambacarioca.com.br\\\/samba\\\/#website\"},\"primaryImageOfPage\":{\"@id\":\"https:\\\/\\\/sambacarioca.com.br\\\/samba\\\/historia-do-samba\\\/#primaryimage\"},\"image\":{\"@id\":\"https:\\\/\\\/sambacarioca.com.br\\\/samba\\\/historia-do-samba\\\/#primaryimage\"},\"thumbnailUrl\":\"https:\\\/\\\/sambacarioca.com.br\\\/samba\\\/wp-content\\\/uploads\\\/2015\\\/10\\\/historia-do-samba.jpg\",\"datePublished\":\"2015-10-07T06:33:55+00:00\",\"description\":\"Hist\u00f3ria do Samba. O Samba \u00e9 a principal forma de m\u00fasica de ra\u00edzes africanas surgida no Brasil. A hist\u00f3ria do samba est\u00e1 sendo escrita. Samba de raiz, choro\",\"breadcrumb\":{\"@id\":\"https:\\\/\\\/sambacarioca.com.br\\\/samba\\\/historia-do-samba\\\/#breadcrumb\"},\"inLanguage\":\"pt-BR\",\"potentialAction\":[{\"@type\":\"ReadAction\",\"target\":[\"https:\\\/\\\/sambacarioca.com.br\\\/samba\\\/historia-do-samba\\\/\"]}]},{\"@type\":\"ImageObject\",\"inLanguage\":\"pt-BR\",\"@id\":\"https:\\\/\\\/sambacarioca.com.br\\\/samba\\\/historia-do-samba\\\/#primaryimage\",\"url\":\"https:\\\/\\\/sambacarioca.com.br\\\/samba\\\/wp-content\\\/uploads\\\/2015\\\/10\\\/historia-do-samba.jpg\",\"contentUrl\":\"https:\\\/\\\/sambacarioca.com.br\\\/samba\\\/wp-content\\\/uploads\\\/2015\\\/10\\\/historia-do-samba.jpg\",\"width\":1076,\"height\":392,\"caption\":\"Candeia no Viol\u00e3o e Martinho da Vila na direita. 1969\"},{\"@type\":\"BreadcrumbList\",\"@id\":\"https:\\\/\\\/sambacarioca.com.br\\\/samba\\\/historia-do-samba\\\/#breadcrumb\",\"itemListElement\":[{\"@type\":\"ListItem\",\"position\":1,\"name\":\"In\u00edcio\",\"item\":\"https:\\\/\\\/sambacarioca.com.br\\\/samba\\\/\"},{\"@type\":\"ListItem\",\"position\":2,\"name\":\"Hist\u00f3ria do Samba\"}]},{\"@type\":\"WebSite\",\"@id\":\"https:\\\/\\\/sambacarioca.com.br\\\/samba\\\/#website\",\"url\":\"https:\\\/\\\/sambacarioca.com.br\\\/samba\\\/\",\"name\":\"Samba Carioca\",\"description\":\"\",\"potentialAction\":[{\"@type\":\"SearchAction\",\"target\":{\"@type\":\"EntryPoint\",\"urlTemplate\":\"https:\\\/\\\/sambacarioca.com.br\\\/samba\\\/?s={search_term_string}\"},\"query-input\":{\"@type\":\"PropertyValueSpecification\",\"valueRequired\":true,\"valueName\":\"search_term_string\"}}],\"inLanguage\":\"pt-BR\"}]}<\/script>\n<!-- \/ Yoast SEO plugin. -->","yoast_head_json":{"title":"Hist\u00f3ria do Samba: A uni\u00e3o do morro com o asfalto","description":"Hist\u00f3ria do Samba. O Samba \u00e9 a principal forma de m\u00fasica de ra\u00edzes africanas surgida no Brasil. A hist\u00f3ria do samba est\u00e1 sendo escrita. Samba de raiz, choro","robots":{"index":"index","follow":"follow","max-snippet":"max-snippet:-1","max-image-preview":"max-image-preview:large","max-video-preview":"max-video-preview:-1"},"canonical":"https:\/\/sambacarioca.com.br\/samba\/historia-do-samba\/","og_locale":"pt_BR","og_type":"article","og_title":"Hist\u00f3ria do Samba: A uni\u00e3o do morro com o asfalto","og_description":"Hist\u00f3ria do Samba. O Samba \u00e9 a principal forma de m\u00fasica de ra\u00edzes africanas surgida no Brasil. A hist\u00f3ria do samba est\u00e1 sendo escrita. Samba de raiz, choro","og_url":"https:\/\/sambacarioca.com.br\/samba\/historia-do-samba\/","og_site_name":"Samba Carioca","og_image":[{"width":1076,"height":392,"url":"https:\/\/sambacarioca.com.br\/samba\/wp-content\/uploads\/2015\/10\/historia-do-samba.jpg","type":"image\/jpeg"}],"twitter_card":"summary_large_image","twitter_misc":{"Est. tempo de leitura":"5 minutos"},"schema":{"@context":"https:\/\/schema.org","@graph":[{"@type":"WebPage","@id":"https:\/\/sambacarioca.com.br\/samba\/historia-do-samba\/","url":"https:\/\/sambacarioca.com.br\/samba\/historia-do-samba\/","name":"Hist\u00f3ria do Samba: A uni\u00e3o do morro com o asfalto","isPartOf":{"@id":"https:\/\/sambacarioca.com.br\/samba\/#website"},"primaryImageOfPage":{"@id":"https:\/\/sambacarioca.com.br\/samba\/historia-do-samba\/#primaryimage"},"image":{"@id":"https:\/\/sambacarioca.com.br\/samba\/historia-do-samba\/#primaryimage"},"thumbnailUrl":"https:\/\/sambacarioca.com.br\/samba\/wp-content\/uploads\/2015\/10\/historia-do-samba.jpg","datePublished":"2015-10-07T06:33:55+00:00","description":"Hist\u00f3ria do Samba. O Samba \u00e9 a principal forma de m\u00fasica de ra\u00edzes africanas surgida no Brasil. A hist\u00f3ria do samba est\u00e1 sendo escrita. Samba de raiz, choro","breadcrumb":{"@id":"https:\/\/sambacarioca.com.br\/samba\/historia-do-samba\/#breadcrumb"},"inLanguage":"pt-BR","potentialAction":[{"@type":"ReadAction","target":["https:\/\/sambacarioca.com.br\/samba\/historia-do-samba\/"]}]},{"@type":"ImageObject","inLanguage":"pt-BR","@id":"https:\/\/sambacarioca.com.br\/samba\/historia-do-samba\/#primaryimage","url":"https:\/\/sambacarioca.com.br\/samba\/wp-content\/uploads\/2015\/10\/historia-do-samba.jpg","contentUrl":"https:\/\/sambacarioca.com.br\/samba\/wp-content\/uploads\/2015\/10\/historia-do-samba.jpg","width":1076,"height":392,"caption":"Candeia no Viol\u00e3o e Martinho da Vila na direita. 1969"},{"@type":"BreadcrumbList","@id":"https:\/\/sambacarioca.com.br\/samba\/historia-do-samba\/#breadcrumb","itemListElement":[{"@type":"ListItem","position":1,"name":"In\u00edcio","item":"https:\/\/sambacarioca.com.br\/samba\/"},{"@type":"ListItem","position":2,"name":"Hist\u00f3ria do Samba"}]},{"@type":"WebSite","@id":"https:\/\/sambacarioca.com.br\/samba\/#website","url":"https:\/\/sambacarioca.com.br\/samba\/","name":"Samba Carioca","description":"","potentialAction":[{"@type":"SearchAction","target":{"@type":"EntryPoint","urlTemplate":"https:\/\/sambacarioca.com.br\/samba\/?s={search_term_string}"},"query-input":{"@type":"PropertyValueSpecification","valueRequired":true,"valueName":"search_term_string"}}],"inLanguage":"pt-BR"}]}},"_hostinger_reach_plugin_has_subscription_block":false,"_hostinger_reach_plugin_is_elementor":false,"jetpack_sharing_enabled":true,"_links":{"self":[{"href":"https:\/\/sambacarioca.com.br\/samba\/wp-json\/wp\/v2\/pages\/6","targetHints":{"allow":["GET"]}}],"collection":[{"href":"https:\/\/sambacarioca.com.br\/samba\/wp-json\/wp\/v2\/pages"}],"about":[{"href":"https:\/\/sambacarioca.com.br\/samba\/wp-json\/wp\/v2\/types\/page"}],"author":[{"embeddable":true,"href":"https:\/\/sambacarioca.com.br\/samba\/wp-json\/wp\/v2\/users\/1"}],"replies":[{"embeddable":true,"href":"https:\/\/sambacarioca.com.br\/samba\/wp-json\/wp\/v2\/comments?post=6"}],"version-history":[{"count":0,"href":"https:\/\/sambacarioca.com.br\/samba\/wp-json\/wp\/v2\/pages\/6\/revisions"}],"wp:featuredmedia":[{"embeddable":true,"href":"https:\/\/sambacarioca.com.br\/samba\/wp-json\/wp\/v2\/media\/1288"}],"wp:attachment":[{"href":"https:\/\/sambacarioca.com.br\/samba\/wp-json\/wp\/v2\/media?parent=6"}],"curies":[{"name":"wp","href":"https:\/\/api.w.org\/{rel}","templated":true}]}}